
False
Is 158868322 a multiple of 113?
False
Is 137 a factor of 570440326?
True
Is 8112119 a multiple of 445?
False
Is 19632912 a multiple of 6?
True
Does 123 divide 95293143?
True
Is 48994729 a multiple of 12?
False
Does 15 divide 1179645735?
True
Is 7177898 a multiple of 889?
False
Does 175 divide 8649432?
False
Does 642 divide 5508077?
False
Does 50 divide 264416047?
False
Is 55584304 a multiple of 22?
False
Is 215788985 a multiple of 1656?
False
Is 34 a factor of 31404952?
False
Is 3 a factor of 606033432?
True
Is 2438 a factor of 31716513?
False
Does 20 divide 282039700?
True
Is 102240600 a multiple of 280?
True
Is 4 a factor of 118396?
True
Does 38 divide 536427?
False
Is 10096688 a multiple of 14?
True
Is 10283112 a multiple of 189?
True
Is 452220959 a multiple of 2156?
False
Does 74 divide 1310514766?
True
Is 38502672 a multiple of 104?
True
Is 364 a factor of 198079527?
False
Is 11291655 a multiple of 13?
False
Is 383739664 a multiple of 1562?
True
Does 1701 divide 105378266?
False
Does 2123 divide 524667433?
False
Does 231 divide 13641924?
False
Is 1765 a factor of 549024430?
True
Does 4706 divide 369849540?
False
Is 2053411590 a multiple of 4323?
False
Is 12 a factor of 1037247228?
True
Is 97961949 a multiple of 666?
False
Is 83878012 a multiple of 346?
True
Does 13 divide 7719880?
False
Does 5 divide 4617474?
False
Is 366 a factor of 72618060?
True
Does 27 divide 77800527?
True
Is 18 a factor of 53823816?
True
Is 37884206 a multiple of 28?
False
Is 52 a factor of 3695187419?
False
Does 1024 divide 6932725760?
True
Is 100716672 a multiple of 21?
True
Is 1376480534 a multiple of 31?
False
Is 2814 a factor of 792861053?
False
Is 25391352 a multiple of 2154?
True
Does 254 divide 146293332?
True
Is 359284975 a multiple of 853?
False
Does 46 divide 1264830996?
True
Is 1209837936 a multiple of 1362?
False
Is 5253723 a multiple of 5?
False
Is 3647339677 a multiple of 3917?
False
Does 130 divide 1110564130?
True
Does 162 divide 14929586?
False
Is 1048 a factor of 133365450?
False
Does 158 divide 317232716?
True
Is 504460832 a multiple of 1818?
False
Does 47 divide 113772947?
True
Does 387 divide 240327?
True
Is 5 a factor of 828517155?
True
Does 30 divide 159679170?
True
Is 5 a factor of 7734479?
False
Is 143929751 a multiple of 16?
False
Does 1478 divide 2545848075?
False
Is 38 a factor of 48418422?
True
Does 364 divide 1865500?
True
Is 141418420 a multiple of 11?
True
Is 804687156 a multiple of 297?
False
Is 1181 a factor of 76049327?
False
Does 10 divide 88068936?
False
Is 8 a factor of 39812888?
True
Does 18 divide 172649537?
False
Does 533 divide 39870095?
False
Is 326 a factor of 43520022?
True
Is 9168474 a multiple of 102?
True
Is 14913900 a multiple of 49?
False
Is 2659166187 a multiple of 134?
False
Is 105000790 a multiple of 1090?
True
Does 129 divide 671246226?
False
Is 260 a factor of 34095360?
True
Does 36 divide 416313494?
False
Is 1187 a factor of 488458973?
False
Does 1411 divide 860419334?
True
Is 37 a factor of 92309382?
False
Is 1481288376 a multiple of 3084?
True
Is 117 a factor of 6056856?
True
Is 297122073 a multiple of 1173?
True
Is 3 a factor of 164630196?
True
Is 809 a factor of 693060592?
True
Is 10 a factor of 306193855?
False
Is 44 a factor of 3449701552?
True
Does 54 divide 78666905?
False
Does 17 divide 3925504238?
True
Does 4 divide 2152240?
True
Is 43145352 a multiple of 76?
True
Does 15 divide 56350307?
False
Does 8702 divide 303353544?
False
Is 127929 a multiple of 8?
False
Is 4 a factor of 508108880?
True
Is 604 a factor of 826004951?
False
Is 5 a factor of 130265612?
False
Does 21 divide 236749716?
True
Does 131 divide 1537400367?
False
Is 4136 a factor of 271976275?
False
Does 44 divide 105867781?
False
Is 74 a factor of 2801556?
False
Is 131625659 a multiple of 5072?
False
Does 40 divide 77782188?
False
Does 180 divide 3252737?
False
Does 24 divide 17274885?
False
Does 77 divide 2828287?
True
Does 22 divide 408604416?
True
Is 6498156 a multiple of 2?
True
Is 878481053 a multiple of 6646?
False
Does 11 divide 2601595675?
False
Does 669 divide 2457009540?
True
Is 15299930 a multiple of 905?
True
Is 441 a factor of 230872761?
True
Is 942 a factor of 319568137?
False
Does 27 divide 116285634?
False
Is 2345 a factor of 391530580?
True
Is 2182 a factor of 1143859882?
False
Is 1273511382 a multiple of 33?
True
Does 46 divide 431855866?
True
Is 46835200 a multiple of 400?
True
Is 241 a factor of 1382373367?
False
Is 339998493 a multiple of 699?
True
Is 2310851458 a multiple of 6378?
False
Is 19 a factor of 9294011?
False
Is 280 a factor of 9199120?
True
Is 348624800 a multiple of 80?
True
Does 41 divide 6526751207?
False
Is 391 a factor of 11688473?
False
Does 1831 divide 199603859?
False
Is 9 a factor of 66066048?
True
Is 45 a factor of 1646791108?
False
Does 6 divide 98095046?
False
Does 6 divide 10750902?
True
Is 9582363 a multiple of 623?
True
Is 2232398293 a multiple of 124?
False
Is 8266 a factor of 1471447192?
True
Is 143071425 a multiple of 855?
True
Does 8 divide 183169535?
False
Does 78 divide 188768424?
True
Is 160386613 a multiple of 1142?
False
Is 330 a factor of 1435590750?
True
Does 2307 divide 142838868?
False
Is 340917005 a multiple of 5137?
True
Is 481 a factor of 90806962?
False
Is 449998313 a multiple of 357?
False
Is 16750731 a multiple of 10?
False
Is 60 a factor of 52204800?
True
Is 402 a factor of 27063042?
True
Is 1385090 a multiple of 470?
True
Is 5503 a factor of 1087203702?
False
Is 198 a factor of 221949684?
True
Does 36 divide 1270368?
True
Does 478 divide 143914806?
True
Does 3 divide 93570186?
True
Does 17 divide 12776435?
True
Is 404 a factor of 12732464?
True
Is 23 a factor of 15007293?
True
Does 6518 divide 4053537682?
True
Is 16234897 a multiple of 259?
True
Is 82629841 a multiple of 17?
False
Is 320397137 a multiple of 166?
False
Is 14918816 a multiple of 81?
False
Is 152 a factor of 782800?
True
Is 45133664 a multiple of 304?
True
Is 214747940 a multiple of 39?
False
Is 487 a factor of 582369697?
True
Is 18569556 a multiple of 943?
True
Is 31 a factor of 79117456?
True
Does 49 divide 1938047?
False
Is 337344986 a multiple of 2285?
False
Does 10 divide 312661111?
False
Is 598 a factor of 60616941?
False
Is 37824288 a multiple of 233?
True
Is 13497148 a multiple of 43?
False
Is 63996086 a multiple of 2781?
False
Does 1254 divide 477320052?
True
Does 24 divide 794679644?
False
Is 10020510 a multiple of 90?
True
Is 343 a factor of 345978023?
False
Is 25 a factor of 190309117?
False
Is 6 a factor of 756729160?
False
Does 2796 divide 1585966692?
True
Does 1069 divide 5695632?
True
Is 64638349 a multiple of 1511?
False
Is 1851483191 a multiple of 19?
False
Is 103 a factor of 268585564?
False
Is 114 a factor of 24721947?
False
Is 1609 a factor of 89630076?
False
Is 474 a factor of 176135025?
False
Is 1566 a factor of 42570144?
True
Is 43773461 a multiple of 991?
True
Does 249 divide 40284139?
False
Does 3945 divide 2694186465?
True
Is 187 a factor of 257146131?
True
Does 561 divide 1697616294?
True
Is 23117989 a multiple of 1131?
False
Does 4117 divide 317120159?
True
Is 636860086 a multiple of 4777?
True
Is 455 a factor of 51904806?
False
Is 90 a factor of 105466860?
True
Does 33 divide 217048613?
False
Is 162314555 a multiple of 17?
True
Is 89664575 a multiple of 77?
True
Is 8558040 a multiple of 12?
True
Does 658 divide 60713002?
True
Is 134 a factor of 26237602?
True
Is 2339 a factor of 111338739?
True
Is 19 a factor of 13299585?
False
Does 6 divide 1575527754?
True
Does 1263 divide 115968705?
False
Is 27 a factor of 1859955370?
False
Is 40 a factor of 256991120?
True
Is 302 a factor of 1920418?
True
Is 204 a factor of 787200142?
False
Does 17 divide 2393524792?
True
Is 166 a factor of 733570536?
False
Is 458460210 a multiple of 39?
True
Does 72 divide 388032912?
True
Is 123 a factor of 8478759?
True
Is 34 a factor of 1487223?
False
Is 37152432 a multiple of 27?
True
Is 156865908 a multiple of 3?
True
Does 7 divide 116208456?
True
Does 10 divide 48567907?
False
Is 81017440 a multiple of 70?
True
Is 97902694 a multiple of 17?
True
Is 1800881436 a multiple of 39?
False
Is 178 a factor of 204191414?
False
Is 63967820 a multiple of 140?
True
Is 369927864 a multiple of 1053?
Fa